e (12/(-10))/(39/(-260)). Suppose -p = p + d. Let q(t) be the first derivative of 2*t**3/3 + 5*t**2/2 - 3*t + 2. Determine q(p).
9
Let u be (-14)/6 - -1 - (-5994)/486. Let r(y) = 2*y - 19. Calculate r(u).
3
Let g(x) = x**3 + x**2 - x - 10. Suppose 27*s = 23*s. Give g(s).
-10
Let t(o) = 13*o + 9. Let j(l) = -5*l - 2. Let m(v) = -26*v - 10. Let x(z) = 11*j(z) - 2*m(z). Let q(d) = -4*t(d) - 18*x(d). Calculate q(-3).
-6
Let x(o) = -37*o**3 - 2*o**2 - 2*o - 1. Let p(c) = c**2 - 24*c + 142. Let k be p(13). Give x(k).
36
Let v(s) = -s - 2 + 0*s**2 + 2*s**2 - s**2. Let t be (4 - (-238)/(-56))*-16. Calculate v(t).
10
Let n(s) = 5*s**3 - 20*s**2 - 14*s - 9. Let r(b) = 2*b**3 - 7*b**2 - 5*b - 3. Let f(q) = -3*n(q) + 8*r(q). What is f(-3)?
6
Let o(w) = 4*w + 2. Let g = 0 - 1. Let d(a) = -a - 1. Let r(m) = g*o(m) - 3*d(m). Let u be (16/(-24))/((-4)/(-18)). Determine r(u).
4
Suppose 2*i = 2*l + 20, 6*i - 8 = -2*l + i. Let o(w) = -w**2 - 8*w - 16. Give o(l).
-4
Let s be 2 + 0/(-5) + -4. Let b(q) = -q**2 + 6*q + 7. Let a(i) = -5*i**2 + 23*i + 27. Let w(l) = s*a(l) + 9*b(l). What is w(-8)?
9
Let k(o) = -2*o - 9. Let j(a) = -a**2 + 10*a - 2. Let b be j(10). Let r be b + -5*(-3 - -4). Determine k(r).
5
Let x(m) = -10*m**3 + 21*m - 9. Let n(g) = 5*g**3 - 9*g + 4. Let t(q) = 7*n(q) + 3*x(q). Calculate t(-1).
-4
Let j(c) be the third derivative of -c**5/60 + c**4/8 - c**3/6 + 105*c**2. Determine j(7).
-29
Suppose 2*t = 4*t - 8. Let v(f) = -f - 3 + t*f - f. Suppose 2 = j - 1. Give v(j).
3
Let s(u) = -7 + u**3 + 27 - 21 - 3*u**2 + 2*u. Let i be (-92)/(-22) + 4/(-22). Suppose q + i - 5 = 0. Calculate s(q).
-1
Let u(k) be the third derivative of -k**6/120 + 7*k**5/60 + k**4/2 - 7*k**3/3 - 90*k**2. Determine u(8).
18
Suppose -29 = -3*g - 5*m, -2*m + 4*m = 3*g - 1. Let y(r) = -1. Let i(p) = p**3 - 3*p**2 + 7. Let w(v) = -i(v) - 4*y(v). Calculate w(g).
-3
Let w(u) = -6*u + 3. Let x(o) = o - 18. Let n be x(22). Suppose -2*p + 2*y = 4, -y = -5*y - n. Calculate w(p).
21
Let l(p) = -2*p**3 - 6*p**2 + 16*p + 24. Let b(x) = -x**3 - 3*x**2 + 8*x + 11. Let g(q) = -5*b(q) + 2*l(q). Calculate g(-5).
-17
Suppose -10*d = -2*i - 8*d + 26, 0 = i + 5*d + 11. Let t(q) = q**2 - 8*q - 8. What is t(i)?
1
Let p(q) be the second derivative of 5*q**3/6 - 33*q**2/2 - 97*q. Determine p(6).
-3
Let p(v) = -8*v**2 - v. Let d be -1*2*(-1 + 0). Let o = 171 - 168. Suppose 4*y - o*g = 2, -g = -0*g + d. What is p(y)?
-7
Let k(v) = 5*v - 14. Let w(o) = 2*o - 6. Let p(q) = -4*k(q) + 9*w(q). Let b(l) = l**2 - 6*l - 2. Let n be b(6). Let y = n - -4. Determine p(y).
-2
Let u(g) = -2*g**2 - 3*g + 4. Suppose b - 5*i = -b - 16, 5*b + 23 = 4*i. Calculate u(b).
-5
Let o(a) = 2*a**2 - 2*a + 1. Let j = -11 - -12. Let w be o(j). Let n(m) = -m. Let b(u) = 3*u**2 + 2*u + 1. Let v(q) = -b(q) - 2*n(q). Calculate v(w).
-4
Suppose 7*w - 113 = -106. Let a(j) = 2*j**3 + 2*j**2 - j. Give a(w).
3
Let m(x) = -6*x + 2 + 1 + 1 + 3*x. Calculate m(6).
-14
Let k(d) = 279 + d - 139 - 136 + 0*d. Determine k(-1).
3
Suppose 0 = -5*i + 2*i. Let y be (1 - 0) + (i - 6). Let c(v) = -13 + 5*v**2 + 7 - 2*v**2 - 5*v - 4*v**2. What is c(y)?
-6
Let f(r) = 8*r + 6. Suppose 9*v + 10 = 1. Give f(v).
-2
Let o(t) = -7*t + t**2 - 5*t**2 + 5 - 3*t**2 + 8*t**2. Let d(c) = -3*c + 2. Let r(j) = -5*d(j) + 2*o(j). Calculate r(1).
3
Let q(l) = -3 + 540*l**2 + 3*l**3 + 541*l**2 - 1079*l**2 - 2*l. What is q(-2)?
-15
Let x(u) = 4*u**2 - 2*u**2 - 19*u**3 - 1 - 12*u**3 + 32*u**3 + 0*u - 3*u. Determine x(-4).
-21
Let b(l) be the second derivative of -l**4/6 + 3*l**3/2 - 3*l**2 - l. Let g = -12194 - -12200. Give b(g).
-24
Let i(o) = -4 + 0 + 35*o**2 - 33*o**2 + 2*o. Let m(u) = -u - 9. Let x be m(-12). Calculate i(x).
20
Suppose 3*z = z + 2. Let o(p) be the third derivative of -1/6*p**3 + 0 + 17/24*p**4 + 0*p + 44*p**2. Calculate o(z).
16
Let i(d) = 9*d**2 - 7*d - 8. Let h(t) = -11*t**2 + 8*t + 9. Let r(p) = -5*h(p) - 6*i(p). Give r(0).
3
Suppose -4*x - 29 = -3*s + x, 0 = 2*s + 5*x - 61. Let t(o) = 7*o - 34*o + s*o - 4 + 14*o - o**2. Calculate t(4).
0
Let w(t) be the first derivative of t**2/2 + 7*t + 1. Suppose 2*p - 2*a + 18 = 0, -5*p + 14 = -4*a + 55. What is w(p)?
2
Suppose f - 25 = 3*a + a, -3*f = a - 10. Let m(i) be the second derivative of -3*i + 1/2*i**2 + 0 + 1/12*i**4 - i**3. Determine m(f).
-4
Let v be 1*-9*4/(-6)*1. Let m(r) = v + 7 - 8*r - 9 + 2*r. Give m(3).
-14
Let t(u) be the first derivative of -u**4/4 - 3*u**3 - 9*u**2/2 - 2*u - 6. Give t(-7).
-37
Let c(d) = d**3 - d**2 + 4*d + 38. Let a(y) = -y**3 - 3*y - 35. Let k(t) = 6*a(t) + 5*c(t). Determine k(-6).
4
Let z(d) = -4*d - 2. Let r(q) = -3*q - 2. Let m(p) = 5*r(p) - 4*z(p). Let u = 106 + -100. Give m(u).
4
Let m(c) be the third derivative of c**5/60 - c**4/24 + 2*c**3/3 - 360*c**2. Give m(0).
4
Let y(g) = -g**3 + 9*g**2 - 7*g. Suppose 2*b = -0*t + 2*t + 62, -2*t - 167 = -5*b. Let l be 6/10 - (-259)/b. Calculate y(l).
8
Suppose 0*b = 4*b. Suppose b*i - 10 = 3*i + 2*q, 4 = 4*q. Let a(x) = -5*x - 2. Determine a(i).
18
Let u(i) = 9*i - 105. Let k be u(12). Let g(j) = 2*j + 6*j**2 - j**3 - 4*j**2 - j. Determine g(k).
-6
Let c(m) = m**3 - 6*m**2 - 3*m - 8. Let f(v) = v**2 - 10. Let i be f(-4). What is c(i)?
-26
Let z(h) = -h**2 - 4*h - 4. Let u(p) be the second derivative of -p**5/10 + p**4/3 - p**3/6 - 3*p**2/2 - 7*p. Let r be u(2). What is z(r)?
-9
Suppose -2*f = -w + 4 - 0, 3*w - 5*f - 11 = 0. Suppose r - w*r = -5. Suppose r*k + 4*x = -x, 5*x = k + 12. Let j(v) = -v**3 - v**2 - v + 1. Calculate j(k).
7
Let a(o) be the third derivative of o**8/20160 - o**7/630 + o**6/144 + 17*o**5/60 - 41*o**2. Let u(v) be the third derivative of a(v). What is u(7)?
-2
Let b(i) = -2 - 2*i + 2. Let d(l) = -1614*l + 1619*l + 5 - 69. Let r be d(13). Calculate b(r).
-2
Let g(j) be the second derivative of -j**6/360 + j**5/20 + 7*j**4/24 - j**3/2 - 15*j. Let r(x) be the second derivative of g(x). What is r(6)?
7
Let f(j) = -j**2 - j + 5. Let d be f(0). Let p(k) = -2*k - 8. Let a(x) = -x - 4. Let y(v) = d*a(v) - 2*p(v). Give y(-6).
2
Let k(i) = -8*i - 46 + 88 - 48. Calculate k(-3).
18
Let a = 25 + -40. Let t be (5/a)/(2/(-6)). Let l(x) = -8*x**3 + 1. Give l(t).
-7
Let k(n) be the second derivative of -n**5/60 - n**4/3 + 4*n**3/3 - 13*n**2 - 17*n. Let p(d) be the first derivative of k(d). What is p(-7)?
15
Suppose -5*y + 225 = -30*y. Let u(p) = -p**3 - 8*p**2 + 9*p + 10. Calculate u(y).
10
Let c(r) be the second derivative of r**3/2 + 5*r**2 - 3*r + 1. What is c(13)?
49
Let u(v) = -5*v**2 - 9*v - 6. Let j(k) = -k**2 - k. Let w(t) = -3*j(t) + u(t). Determine w(-4).
-14
Let v be ((-18)/27)/(5/(75/(-2))). Let k(d) = -d + v*d - 9 - 3*d. Determine k(6).
-3
Let n be -2 - ((-16)/(-24) + (-40)/(-12)). Let p(k) = -20*k - 18. Let z(b) = 7*b + 6. Let y(r) = 5*p(r) + 14*z(r). Calculate y(n).
6
Let z(o) be the first derivative of -o**3/3 + o**2/2 + o - 17. Let t = 26 + -27. Determine z(t).
-1
Let s(y) = -36*y + 11*y + 26*y - 1. What is s(-8)?
-9
Suppose 0 = 3*w - 8*w - 2*c + 5, -4 = -3*w - c. Suppose 8*n = w*n + 5. Let d(k) = -2 - n - 2*k + 3*k + 2. Determine d(6).
5
Let i(w) be the second derivative of w**6/720 + w**5/120 - 11*w**4/4 - w - 24. Let x(p) be the third derivative of i(p). What is x(4)?
5
Let u = 6 - 0. Let j be ((-56)/(-24))/(2/u). Let k(i) = i**2 + i**2 - j*i + 3*i. What is k(3)?
6
Let l(c) = -c**2 + 3*c + 7. Let y be 3096/(-56) - (-6)/21. Let p = y + 60. Calculate l(p).
-3
Suppose 0 = -0*h - 3*h + 2*q + 15, h + 3*q + 6 = 0. Let d be 20/(-5) + (h - -2). Let f(l) = 6*l**3 + 0*l - 3*l**3 - l. Calculate f(d).
2
Let y be 36/(-30)*(-20)/6. Let b(k) = 5*k - 2. Calculate b(y).
18
Let j(k) = -3*k - 1. Let q = -15 + 4. Let n = -12 - q. Calculate j(n).
2
Let n = 42 + -38. Suppose 11 = -y + n. Let j(r) = -2*r - 2. Determine j(y).
12
Let f(c) = -c**2 - 2*c + 3. Let r(j) = -2*j**3 - 13*j**2 + 3*j - 28. Let z be r(-7). Calculate f(z).
3
Let x(u) = -6*u**2 + 24*u - 35. Let j(q) = q**2 - 5*q + 7. Let o(s) = 11*j(s) + 2*x(s). Let t(n) = 2*n + 12. Let l be t(-9). Calculate o(l).
13
Let w(u) = -u**3 + 12 - u - 4*u**2 - 12 - u**2 - 1. Let v be w(-5). Suppose v*n = 2*n + 10. Let q(h) = -h**3 + 5*h**2 - 4. Calculate q(n).
-4
Let s(c) = 64*c**2 - 36*c. Let d(v) = 35*v**2 - 18*v. Let a(u) = -11*d(u) + 6*s(u). Give a(-18).
0
Let u(k) = k**2 